uppose j = -2*k + 8*k. What is the units digit of k?
8
What is the units digit of (-266481)/(-435)*(-10)/(-3)?
2
Let s be (-4)/10 + (-1324)/(-10). Let n = s + -38. What is the tens digit of n?
9
Let q(g) be the first derivative of -g**3/3 + 15*g**2/2 - 3*g - 7. Let i be q(11). Let s = i - 11. What is the tens digit of s?
3
Suppose -s = 2*s. Suppose 0 = 5*y + 18 - 138. Let x = y + s. What is the units digit of x?
4
Let a = 1646 - -1105. What is the hundreds digit of a?
7
Let c(b) = -92*b + 263. What is the thousands digit of c(-27)?
2
Let d(m) = -31*m - 46*m - 13 - 2 + 18*m. What is the tens digit of d(-3)?
6
Let j = 16 - 12. Suppose -3*p + p = j. What is the tens digit of 174/15 - p/5?
1
Suppose 0 = -4*z + 2*z + 110. Let l = 33 - z. What is the units digit of (-53)/(-3) - l/(-33)?
7
Suppose f + 5*r - 2789 = 0, -2*f + 3*f - 2789 = 5*r. What is the hundreds digit of f?
7
Suppose 2*x - 2502 = 2*g, -12*x + 4*g + 3748 = -9*x. What is the hundreds digit of x?
2
Suppose -3*v = 2*v - 610. Suppose 4*b - 5*q - 64 = 3*b, 2*b - v = 4*q. What is the units digit of b?
9
Let m be ((-44)/6)/(36/54). Let g(c) = -c**3 - 12*c**2 - 12*c + 15. Let l be g(m). Suppose 49 = 3*a - l. What is the tens digit of a?
2
Suppose -22*z = -24*z + 6. Suppose 3*i + 15 = z*d - 369, 5*d - 668 = -2*i. What is the units digit of d?
2
Let k(l) be the second derivative of l**4/6 - 3*l**3/2 - l**2/2 + 3*l. Let p be k(8). Suppose 0*z - p = -5*z. What is the units digit of z?
1
Suppose 0 = 3*f - 7*f - b + 8, -3*b + 4 = 2*f. Suppose 4*l - 233 = f*o + o, -5*l + 320 = 2*o. Suppose 5*v - l = 28. What is the units digit of v?
8
Let w(h) = h**3 - 6*h**2 + 5*h + 2. Let u be w(5). Suppose -3*p - 2*p + u*a = -65, -p + 13 = 4*a. Let r = p + 0. What is the units digit of r?
3
Let w = -58 - -295. What is the units digit of w?
7
Let w = -699 - -1073. What is the tens digit of w?
7
Let d = -12 - -12. Suppose 3*f = 2*p - 0*p + 169, 2*f - 4*p - 126 = d. Let o = -21 + f. What is the tens digit of o?
3
Let p(l) = 3*l**2 - 19*l + 428. What is the tens digit of p(24)?
0
Let x = -43 + 933. What is the units digit of x?
0
Suppose -4*j = -4, -5*d - 2*j = -23 - 144. Let m be 0 + 0 + 0/1. Suppose u = -m*u + d. What is the units digit of u?
3
Let f be -6 + 5 + (-12)/(-2). Suppose 136 = 5*m - f*o + 331, 3*m + 5*o = -93. Let n = m - -37. What is the units digit of n?
1
Let x = 10 + -8. Suppose -4*l = o - 51, -x*l + 1 = 5*o - 2. Suppose -3*i - q + 8 = -l, -q = 5*i - 36. What is the units digit of i?
7
Let y = -18 + 2. What is the tens digit of 66 - (y/(-4) - 2)?
6
Let b = -241 - -437. What is the tens digit of b?
9
Let w be 2/11 + 40/22. Suppose 0 = 2*y + w*y - 504. What is the units digit of y?
6
Let j be -2 + (3/1 - -1). Suppose p = -j*p. Suppose w = -p*w + 40. What is the tens digit of w?
4
Suppose l = -3*a + 582, -4*a = -0*a + 4. Suppose -8*t = t - l. What is the tens digit of t?
6
Let z(l) = 8*l**2 - 6*l - 4. Let q be z(5). Let y = q - 103. What is the tens digit of y?
6
Let u = -223 - -817. What is the tens digit of u?
9
Suppose h + 12 = -2*h. Let c = -8 - h. Let u(w) = -5*w + 4. What is the units digit of u(c)?
4
Suppose 0 = -8*w + 33*w - 13700. What is the hundreds digit of w?
5
Suppose 0 = 2*x - 3*b - 111, -5*x + 0*x - 3*b + 309 = 0. Suppose 3*h = 21 + x. Let j = h + -6. What is the tens digit of j?
2
Let t(u) = u**3 + 2*u**2 + u. Let r be t(-2). Let x = 13 - 9. Let b = r + x. What is the units digit of b?
2
Let l = -2768 + 4557. What is the units digit of l?
9
Suppose 1 = 2*t - 2*m + m, -2*t + 19 = 5*m. Suppose -p - 10 = -t*k + 38, -48 = -2*k + 2*p. What is the tens digit of k?
2
Let b = -16 - -18. What is the units digit of (-1308)/(-18) + b/(-3)?
2
Let k(o) = 6*o**3 - 5*o**2 + 6*o - 7. Let j(v) = 6*v**3 - 5*v**2 + 6*v - 7. Let l(i) = 7*j(i) - 6*k(i). What is the units digit of l(3)?
8
Let f = -8 - -24. Suppose -37 = -3*t - 2*x, -6*t + 2*x = -5*t + 1. Let k = f - t. What is the units digit of k?
7
Suppose -23 = 5*k - 3. Let t be (0 - (3 - 1)) + k. What is the units digit of 107/2 + 3/t?
3
Let m(i) = 5*i**3 + 76*i**2 - 136*i - 97. Let j(b) = b**3 + 19*b**2 - 34*b - 24. Let w(a) = 9*j(a) - 2*m(a). What is the units digit of w(16)?
2
What is the units digit of 946/8 - (-2)/(-24)*3?
8
Suppose 4*f - 4*u + 24 = u, -f - 4*u + 15 = 0. Let d(c) = 5*c**2 - 2*c - 1. Let p be d(f). Suppose -2*m + p*m = 48. What is the tens digit of m?
1
Suppose 3*c - 7*c + 2123 = d, 2*c - d = 1057. What is the tens digit of c?
3
Let z(s) = 2*s - 8. Let n be z(5). Suppose -d = -5*l + 4*d + 240, l - n*d - 46 = 0. What is the units digit of l?
0
Let o(p) = -8*p + 6. What is the units digit of o(-6)?
4
Suppose o + 1638 = 5*l + 399, -5*l + 1244 = 4*o. Let n = 550 - l. What is the tens digit of n?
0
Suppose 11025 = 3408*k - 3401*k. What is the units digit of k?
5
Let d = -10 + 7. Let a = 1 - d. Suppose -a*m + 19 = -3*k, -4*m = m - k - 32. What is the units digit of m?
7
Let x(u) = -u**3 + 2*u + 1. Let v be x(3). Let j be 2 + (0 - 0) + v. What is the units digit of (-12)/54 - 76/j?
4
Let h = -14 - -6. Let x = -97 - -109. Let a = x + h. What is the units digit of a?
4
Let n(w) = -2*w - 29. Let k be n(-15). Let x(v) = 5*v**2 + 2*v - 2. What is the units digit of x(k)?
5
Let o = 2 + 1. Suppose -x = -o*q + 210, 2*x + 4 = -2. What is the tens digit of q?
6
Suppose 14*o - 3122 = 3906. What is the units digit of o?
2
Let v(m) = -m**3 + 19*m**2 + 33*m - 30. What is the tens digit of v(15)?
6
Let h(f) = f + 20. Let y be (0/((-2)/(-2)))/4. What is the units digit of h(y)?
0
Suppose 0*t + 1071 = 7*t. Suppose -3*x - 7*o = -4*o - t, 0 = -4*x - 2*o + 198. What is the units digit of x?
8
Suppose -5*h + 5*s + 20 = 0, -46 - 5 = -4*h - 3*s. Suppose 0 = h*i - 8*i - 104. What is the units digit of i?
4
Suppose 0 = 11*c - 5*c + 2862. Let l = c - -1117. What is the units digit of l/30*1*3?
4
Let j(f) = 13*f - 1. Let h be j(-1). Let q = 16 + h. Suppose -x + q*x = 28. What is the tens digit of x?
2
Suppose -3*u + 6*u + y = 13, 0 = 5*u - y - 11. Let h(k) = -k**2 + 28*k**u - 12*k**3 - 2*k - 15*k**3 + 16. What is the tens digit of h(0)?
1
Let t(c) = 23*c**2 + 15*c - 2. Let p be t(11). Let z be (-3)/(-9) + p/18. Suppose -3*k - k = 4*g - z, k - 1 = 0. What is the tens digit of g?
4
Let m(q) = q**2 + 5*q + 2. Let x be m(-6). Let v(o) = o**2 - 8*o + 2. Let a be v(x). Suppose a*u - k = 62, u = -0*u + 2*k + 25. What is the units digit of u?
3
Suppose 4*q - 4*m - 2308 = 0, 2*q - 1766 = -q - 4*m. What is the hundreds digit of q?
5
Let f = 88 + -52. Let z = 62 + -88. Let a = f + z. What is the units digit of a?
0
Suppose 0 = -k - 10*k + 132. What is the tens digit of 1306/10 - k/(-30)?
3
Let c(t) = t**2 - 1. Let n be c(3). Suppose -3*l + n = -l. Suppose 2*h = l*h - 54. What is the tens digit of h?
2
Suppose -i + 27 = -5*o, 6*o = 2*i + o - 34. What is the units digit of (-5)/(-105)*i + (-658)/(-6)?
0
Let c = 3660 + -2484. Suppose -4*y - 8*y + c = 0. What is the tens digit of y?
9
Let v(t) = 6*t - 4 + t - 51*t**2 - 3 + 59*t**2. What is the tens digit of v(-5)?
5
Let u(o) = 42*o + 56. What is the hundreds digit of u(10)?
4
Suppose o - 8 = -2. Suppose -h - i + 2 = 0, -5*h - i = -o*i + 10. Let p = h + 28. What is the units digit of p?
8
Let t(f) = -24 + 3 - 60*f**2 + 61*f**2 + 5*f. What is the units digit of t(-11)?
5
Suppose -45 = 4*w + 2*p - 277, -5*w - p = -296. Let l = w + 26. What is the tens digit of l?
8
Suppose 0 = -2*g + 230 + 118. What is the units digit of g?
4
Let a(l) = l**3 - 12*l**2 + 7*l + 49. Let x be a(11). Suppose -5*h + 15 = -0. Suppose -h*w - 8 = -w, x*q = -3*w + 128. What is the units digit of q?
8
Let m be (1 + 2 - (5 + 0)) + 3. What is the tens digit of ((-557)/(-2) - m)*(-74)/(-111)?
8
Suppose -2*x - 4*v + 1460 = -1544, -2994 = -2*x - 2*v. What is the units digit of x?
2
What is the tens digit of -2*1/(5 + 7535/(-1505))?
0
Let r(w) = -6 + 4*w + 6. Let x be r(-1). What is the units digit of (-2)/4 + (-14)/x?
3
Let q = -11 + -165. Let s = -111 - q. What is the tens digit of s?
6
Suppose 0*t + 4*t + 6 = -f, -t = 1. Let o = -145 - f. Let y = -68 - o. What is the tens digit of y?
7
Suppose 5*g - 29 = 6. Let s = g + -4. What is the units digit of -10*-1*s/6?
5
Suppose f - 5*y = -0*f, 4*f - 21 = -y. Suppose f*q + 207 = 8*q. What is the tens digit of q?
6
Let